ided by 13.
12
Let q = -47 - -72. What is the remainder when 73 is divided by q?
23
Suppose 0*h - 220 = -10*h. Calculate the remainder when h is divided by 9.
4
Let h(j) = j - 6. Let o be h(9). Calculate the remainder when 7 is divided by (-3)/(-1) - 3/o.
1
Let f be 0/(-2 + 3)*-1. Suppose -3*p + 41 = 2*k + 2*p, -k + 4*p + 1 = f. Calculate the remainder when k is divided by 5.
3
Let u be (-21)/(-9) + (-1)/3. Suppose -t - 303 = -u*t. What is the remainder when t/27 - (-2)/(-9) is divided by 6?
5
Suppose 4*p + 14 = 3*g + 2*g, -2*g + 16 = p. Suppose 5*c - 2*c = 6. Calculate the remainder when g is divided by c.
0
Let z(h) = -3*h**2 - 22*h - 8. What is the remainder when 93 is divided by z(-6)?
13
Let b = 34 + 11. What is the remainder when b is divided by 16?
13
Suppose 2*s + 4*a = -1 + 3, -a + 13 = 3*s. Let c(y) be the second derivative of y**3/3 + y. Calculate the remainder when 19 is divided by c(s).
9
Suppose -2*f + 3*f = 0. Suppose -z + 4*s + 45 = f, 3*z - s + 43 - 134 = 0. Calculate the remainder when 84 is divided by z.
26
Let o = 139 + -117. What is the remainder when 130 is divided by o?
20
Calculate the remainder when (-8)/((-2)/48*3) is divided by 22.
20
Suppose -9 = -5*d + 2*d. Calculate the remainder when d is divided by 3.
0
Suppose 2*c - 93 = 19. What is the remainder when c is divided by 15?
11
Let p(f) = f**2 + 14*f + 13. Let j be p(-12). What is the remainder when j/(33/(-108)) - 2 is divided by 12?
10
Let w = -3 - -46. Calculate the remainder when w is divided by (-15)/20 + 126/8.
13
Suppose 2*r - 13 - 21 = 0. Calculate the remainder when r is divided by 9.
8
Let o be 117/(-6)*2/(-1). Suppose h - o = -7. Calculate the remainder when h is divided by 11.
10
Let s(n) = -4*n - 5 - n + 2*n + 4*n. What is the remainder when 4 is divided by s(7)?
0
Let w(v) = -2*v - 2. What is the remainder when 46 is divided by w(-7)?
10
Let i(w) = 33*w**2 - 1. Let z(g) = -65*g**2 + 2. Let b(p) = 7*i(p) + 3*z(p). Calculate the remainder when b(1) is divided by 19.
16
Let u = 76 - 64. What is the remainder when 4/(-6) + (-519)/(-9) is divided by u?
9
Let m(x) = -x**2 - 7*x + 7. Suppose -o = 2, -2*o = -4*j - j - 31. Calculate the remainder when m(j) is divided by 18/15*10/4.
1
Suppose 3*b = -3*r + 63, 2*b - 7*b - r + 109 = 0. Suppose b = -2*s + 2*q - 34, -2*s - 53 = q. Calculate the remainder when 1 + -4 + (-6 - s) is divided by 7.
4
Suppose -5*c = 4 - 29, -5 = 3*l + 5*c. Let n(v) = -v**2 - 13*v + 11. Calculate the remainder when n(l) is divided by 22.
19
Let b = 5 - 5. Suppose 0 = -a - o + 4, -2*a + b*o + 16 = -2*o. What is the remainder when 21 is divided by a?
3
Suppose -f - d = -2, 0*f + 4*f + 5*d = 8. Let g(i) = 3*i + 1. What is the remainder when ((-10)/6)/((-6)/72) is divided by g(f)?
6
Suppose 5*i - 4 = 2*c, -4*i + 10 = c - 1. Suppose 125 = 3*t + i*t. What is the remainder when t is divided by 7?
4
Let k(n) = -2*n**2 + 4*n - 4. Let c be k(3). Let r = -7 - c. What is the remainder when 10 is divided by r?
1
Suppose 3*a - 76 = -a. Calculate the remainder when 35 is divided by a.
16
Let d = 0 - -9. What is the remainder when (65/39)/(2/(60/2)) is divided by d?
7
Suppose -2*w = -7*w. Calculate the remainder when 38 is divided by (w + 20)*(-4)/(-8).
8
Let w(f) = f**3 + 5*f**2 - 3*f + 3. What is the remainder when w(-3) is divided by (10 - 4)/((-6)/(-8))?
6
Let x(b) = -b**3 - 3*b**2 - b - 2. Let c be x(-3). Let k = c + 6. What is the remainder when 13 is divided by k?
6
Suppose 7*z + 6 = 615. Calculate the remainder when z is divided by 23.
18
Suppose 0*m - 3*m = 4*j - 456, 0 = j - 4*m - 114. Suppose -4*r + 33 = -83. Calculate the remainder when j is divided by r.
27
Let u(g) = g**3 - 6*g**2 + g - 3. Let n be u(6). Let w = 6 + -2. Suppose h + w*z + 2 = -0, n*h - 5*z - 45 = 0. Calculate the remainder when 19 is divided by h.
9
Calculate the remainder when 59 is divided by 4/(-6)*(-18)/(-8)*-6.
5
Suppose -i - 3*u + 2*u + 85 = 0, -2*i + 3*u = -160. Calculate the remainder when i is divided by 23.
14
Let j(y) = -y**2 + 6*y + 3. Let z be j(5). Let x be z/(-4) - (-5)/1. Suppose -13 = -x*p + 2*r, p + 2*p = -r + 25. What is the remainder when 13 is divided by p?
6
Let n = 18 + 5. What is the remainder when -134*((-2)/4 + 0) is divided by n?
21
Let v = 0 + 1. Let n(p) = -p**3 - 3*p - v + 3*p**2 + 2 + 3*p**2 + 0*p**2. Calculate the remainder when 21 is divided by n(2).
10
Suppose 0 = 6*s - 3*s - 78. Suppose j - 6*j = -10. Suppose -j*w + 14 = -14. Calculate the remainder when s is divided by w.
12
Suppose -y - 2*x - 20 = -5*y, 5*y - 12 = -4*x. Suppose y*w + 0*w = p + 25, -p = w - 5. What is the remainder when w is divided by 3?
0
Suppose 0 = 5*z - 15, j - 5*z + 100 = 2*j. Calculate the remainder when j is divided by 29.
27
Let y(f) = f - 1. Let x(v) = v**2 + 1. Let b be x(-2). Suppose b*r = r + 32. Calculate the remainder when r is divided by y(6).
3
Suppose 0 = 3*v + 4*r - 39, 0 = 4*v + v + r - 65. Suppose -4*f - s + 2*s + 97 = 0, 4*f + 3*s - 93 = 0. What is the remainder when f is divided by v?
11
Suppose -3*p = -52 - 164. Suppose 85 = i - 2*h, -h + p + 22 = i. Calculate the remainder when i is divided by 23.
22
What is the remainder when 21 is divided by (-5 - -1)*4/(-2)?
5
Suppose -3*c = 2*q + 2*c - 1, 2*q = 4*c + 46. Calculate the remainder when 49 is divided by q.
10
Let c(k) = 33*k**2 + 6*k. What is the remainder when c(1) is divided by 10?
9
Let x = -68 - -80. What is the remainder when 27 is divided by x?
3
Suppose 257 = 2*n - n. Suppose -y = -5*a + 12, 2*y - 32 = -3*y + 2*a. Calculate the remainder when (-2)/y + n/4 is divided by 22.
20
Suppose 0 = -4*f - 3*r + 306, 0 = -4*f - 10*r + 5*r + 302. Calculate the remainder when f is divided by 27.
24
Suppose -4*d + 1 = 5. Let w(y) = 11*y**2 - y - 1. Calculate the remainder when 20 is divided by w(d).
9
Let o(t) = t**2 - 4*t + 6. Let x be o(4). What is the remainder when x/(-8) + (-2424)/(-32) is divided by 19?
18
Let h(c) = c**3 + c + 3. Let v be h(0). Suppose -4*q - q = v*f - 25, 2*f = 3*q + 23. Calculate the remainder when 39 is divided by f.
9
Suppose 4*s - 53 = -4*h + 3*s, 5*s - 37 = -h. Calculate the remainder when h is divided by 2.
0
Let z = 2 + -4. Let i(h) = -h**3 - 10*h**2 - 10*h + 1. What is the remainder when (-53)/(-3) - z/6 is divided by i(-9)?
8
Let t = 0 + 3. Let x be (2/4 - t)*-2. Suppose -x*u + 4 = -0*l + 3*l, 3*u - 5*l = 16. Calculate the remainder when 3 is divided by u.
1
Suppose b = 2*b, -5*b + 68 = 4*a. Calculate the remainder when 65 is divided by a.
14
Let n = 16 - 10. Let k(b) = -b**2 + 9*b - 4. Suppose -3*w + 205 = 2*w. What is the remainder when w is divided by k(n)?
13
Suppose -5*w - 33 = -l, l = 3*w - 9 + 40. Let k(g) = 0*g - g**3 - 2*g + 3*g**2 + 2*g**2 + 3. What is the remainder when l is divided by k(3)?
13
Let d be 64/2*13/13. Suppose -k = 3*k - d. What is the remainder when k is divided by 5?
3
Suppose 0 = 3*m + m. Suppose 4*p + 2*o = 3*p + 10, m = -p + 4*o - 14. Suppose 0 = -v + 14 + p. What is the remainder when 30 is divided by v?
14
Let x(r) = -r**2 - 12*r - 5. What is the remainder when 27 is divided by x(-10)?
12
Suppose -11*n + 87 + 12 = 0. Calculate the remainder when 33 is divided by n.
6
Let f(q) = 3*q - 7. Let s be f(-8). Let g = -13 - s. Calculate the remainder when 29 is divided by 1 + g/3 + 3.
9
Let a(u) = -u**3 - 3*u**2 + 3*u + 1. Let x be a(-4). Let k = x - -1. Let d(o) = o**2 - 3*o + 3. What is the remainder when d(k) is divided by 11?
10
Let r be 0/(1 - -2 - 5). Suppose -3*l = -3*u + 21, 0*u = -u + 3*l + 15. Suppose r = s + u*p, -s - p + 25 = s. What is the remainder when 44 is divided by s?
14
Let l(u) = -3*u - 1. Let x be l(1). Let a be x/14 - 870/42. Let q = 39 + a. Calculate the remainder when 53 is divided by q.
17
Let n(u) = -6*u**3 - 3*u**2 + 2. Let k(h) = 2*h - 6. Let f be k(4). Let v = f + -4. What is the remainder when n(v) is divided by 13?
12
Suppose -4*f - 15 = -2*r - f, 4*r - 80 = -4*f. Let s = r - 14. Calculate the remainder when 5 is divided by s.
0
Let n = 13 - 12. Let j(x) = 30*x**3 - x**2. What is the remainder when j(n) is divided by 8?
5
Suppose 10*v = 5*v + 55. Suppose 0 = 3*y - g - 45, -3*g + 2 = v. What is the remainder when 55 is divided by y?
13
Suppose -4*d = d - 10. Suppose -d*n + n = -4. Calculate the remainder when n is 